?
5
Let l = -542 + 551. Let b(f) be the first derivative of -13 + l*f - 1/3*f**3 + 1/2*f**2. Give b(0).
9
Let r(j) = 96*j - 54. Let m(c) = 42*c - 28. Let f(q) = 7*m(q) - 3*r(q). What is f(7)?
8
Let h(p) = 7*p + 108. Let x(j) = 2*j**2 + 186*j + 350. Let b be x(-91). What is h(b)?
10
Let b(c) = -c**3 - 54*c**2 - 52*c + 55. Let j be b(-53). Let f(p) = 9*p - 5. What is f(j)?
13
Let z(x) = x**3 - 8*x**2 - 5*x - 9. Let q(p) = -p**3 + 7*p**2 + 4*p + 8. Let k(h) = -6*q(h) - 5*z(h). Let s be -1 + (3 - 5) - (55/77 + 40/(-7)). Determine k(s).
-1
Let w(a) = a**3 - 77485*a + 9*a**2 - 24 + 77467*a + 0. Determine w(-11).
-68
Suppose -3*b + 5*x + 24 = 0, -2*b + 5*x + 13 = 2. Let o(m) = -10 + 4*m - 6*m**2 + m**3 + 14*m**2 - 2*m**2 + b. Calculate o(-5).
8
Let j(c) = c**3 + 5*c**2 + 2*c. Let f = 116 + -124. Let d be (f/(-6) - 2/6) + -5. Calculate j(d).
8
Let j(o) = -o + 1. Let y(u) = u**3 - 4*u**2 - 17*u + 53. Let p(k) = -4*j(k) + y(k). Let x be p(3). Let a(h) = 12*h**3 + h. Determine a(x).
13
Let o be 328/28 - (-12)/42. Let w(a) = 10*a**2 - 4 + a**3 + 3*a - o*a - 5*a + a + 2*a**2. Determine w(-13).
-4
Let i(g) = -4*g + 7. Let f(p) = 31*p + 2. Let k = 25 - 24. Let d be f(k). Suppose -4*l - 13 = -d. Calculate i(l).
-13
Let h(i) = i**3 + 3*i**2 - 4*i - 2. Let l = -53 + 30. Suppose -5*u - 8*f = -12*f - 96, -5*f = -4*u + 75. Let c = l + u. Determine h(c).
10
Suppose -g = -5*g + 4. Let f be -2 - -1*(g - -2). Let m(c) = -5. Let z(u) = 9*u + 21. Let d(l) = -4*m(l) - z(l). What is d(f)?
-10
Let z(r) = 2*r**3 - r**2 - 5*r + 5. Let n(k) = 6*k**3 - 4*k**2 - 14*k + 14. Let o(b) = 3*n(b) - 8*z(b). Suppose 18*m - 693 + 639 = 0. What is o(m)?
14
Let r be 3/2*2/(-3). Let w(s) be the second derivative of -s**5/20 + s**4/12 + s**3/6 + s**2/2 + 195*s + 1. Give w(r).
2
Let b be 4/(3 - (9/(-3) + 8)). Let j(t) = 2*t**2 + 6*t + 11. Let k(g) = g**2 + 3*g + 6. Let c(f) = 6*j(f) - 11*k(f). What is c(b)?
-2
Let j(p) be the second derivative of 8*p**3/3 + 121*p**2/2 - 3725*p. What is j(-8)?
-7
Let d(h) = -h**3 + 25*h**2 + 26*h + 31. Let j be -2 - (4 - 2) - (-26 + 3 + -7). Give d(j).
31
Suppose -4*p - 23 = 1. Let m(d) be the first derivative of d**2/2 - 5*d - 1408. Give m(p).
-11
Let y(i) = -7*i + 12. Let q(c) = -c**2 + 11*c - 14. Let o be q(9). Let j(s) = -1 - 10 - 11 + 11*s + o. Let g(u) = 5*j(u) + 8*y(u). Determine g(0).
6
Suppose -3*q = 2*i + 44, -2*q + q = -5*i + 43. Let a(z) = z**3 + 19*z**2 + 14*z - 61. Let n be a(q). Let d(h) = 2*h - 15. Determine d(n).
7
Let f(n) = -183*n - 126. Let v(s) = -219*s - 127. Let k(o) = 6*f(o) - 5*v(o). What is k(-39)?
-4
Let m = -9 + 10. Let d(x) = -96781 + 16*x + 96783 - 5*x. Determine d(m).
13
Suppose 3*u - 3*y + 87 = -6*y, 4*y = 5*u + 181. Let d = u - -37. Let h(a) = a + 1 + a - a. Determine h(d).
5
Let g = -49 + 51. Let a(p) = -p**2 + 19*p - 37. Let r(l) = l. Let x(i) = g*r(i) + a(i). Let m be x(19). Let v(c) = 6*c + 1. Calculate v(m).
7
Suppose -73*j + 520 = 73*j - 16*j. Let y(z) = 2 - 2 + 2*z - 5. Calculate y(j).
3
Let f(y) be the third derivative of y**4/24 + 5*y**3/2 - y**2. Let g(n) = -n**3 + 7*n**2 + 22*n - 147. Let b be g(4). Determine f(b).
4
Let g(j) = -j + 5. Suppose 0*x + 4*d - 38 = 3*x, -4*x = -3*d + 46. What is g(x)?
15
Let g(k) = 2*k + 1. Let n(u) = 15*u + 10. Let t(y) = 5*g(y) - n(y). Suppose -96 = 19*o + 18. What is t(o)?
25
Let a(h) be the first derivative of -h**4/4 + 5*h**3/3 - 5*h**2/2 + 2*h - 1. Let x be -7 + 2 - (11/(44/(-60)) - -7). Calculate a(x).
5
Let b(j) = 4*j - 23. Let m be b(6). Let r be -4 - (0 - 6)/m. Let f(q) = 19 - 3*q**r - 8*q + q**3 + 7 - 34 + 13. Give f(5).
15
Suppose -25*f = -6*f - 95. Suppose -4*w + 1 = -f*o + 13, -2*w + 4 = -5*o. Let q(h) = -h**3 - 8*h**2 + 5*h + 3. Calculate q(w).
-37
Let o(y) = 87*y - 525. Suppose 98*k - 279 = 257 + 52. Give o(k).
-3
Let u = -12185 + 12179. Let w(s) = -s**3 - 7*s**2 - 10*s - 20. What is w(u)?
4
Let v(m) be the second derivative of m**5/20 - m**4/3 + 5*m**3/6 - 2*m**2 + 7*m + 66. Determine v(1).
-2
Let h be (0 + (-18)/(-6))/(189/56 + -3). Let d(j) = j**3 - 9*j**2 + 2*j + 2. Determine d(h).
-46
Suppose -20 = -28*r + 33*r + 2*o, 0 = r + 5*o - 19. Let u(a) = -2*a + 2. Calculate u(r).
14
Let h(t) = -7*t**2 - 6*t - 5. Let b(q) = 13*q**2 + 12*q + 5. Let l(w) = -6*b(w) - 11*h(w). What is l(3)?
-2
Let k(g) = -4286*g + 1431*g + 1427*g + 41 + 1439*g. Give k(-9).
-58
Suppose -33*k = -29*k - 108. Let h(g) = k - g - 21 - g - 10. Suppose -5*n + 4*s - 1 = -13, 2 = n - s. Calculate h(n).
-12
Let x(c) be the second derivative of 11*c**3/6 - 40*c**2 + 5380*c. Give x(7).
-3
Let a(i) = i**3 - 32*i**2 + 199*i - 177. Let v be a(24). Let l(p) = p**3 + 9*p**2 - 2*p - 13. Give l(v).
5
Let p(d) be the second derivative of -11*d**3/2 + 191*d**2/2 - 745*d - 2. Calculate p(6).
-7
Let n = 2585/15534 - -2/7767. Let h(f) be the second derivative of 0 - n*f**3 - 1/2*f**2 - 38*f. Calculate h(-5).
4
Let c(l) = -2187*l - 1 - 7*l**2 + 2179*l + l**3 + 9. Calculate c(8).
8
Suppose -22 = -j + 5*t, 19 = 3*j - 6*j - 2*t. Let l(n) = -3*n**2 - 9*n - 10. Give l(j).
-10
Suppose -17590*y + 17592*y - 34 = l, -5*l = -2*y + 50. Let x(i) be the first derivative of i**4/4 + 2*i**3 + 4*i**2 + 10*i - 1. Give x(l).
10
Suppose 0 = -3*h + 5*h. Suppose 4*f + c + 0 - 15 = 0, h = f - 2*c + 3. Let l be (-16)/3 + 1/f. Let n(q) = -q**2 - 2*q + 7. What is n(l)?
-8
Let v(k) = 104*k - 1458. Let d be v(14). Let h(w) = 4*w**3 + w**2 - 1. Determine h(d).
-29
Let t(d) be the third derivative of -d**4/8 + d**3 + 5*d**2. Let u be t(2). Let z(o) = u*o + 3*o**2 + o**2 - 4 + 2*o - 3*o**2. Determine z(-5).
11
Let d(b) = 44*b**3 + 2*b**2 + 2*b - 5. Let j(x) = 48*x**3 + 3*x**2 + 4*x - 7. Let i(o) = 3*d(o) - 2*j(o). Calculate i(-1).
-35
Let n(a) = -97 + 53 + 140 + 11*a. Determine n(-12).
-36
Let v(p) be the third derivative of -37*p**4/24 - 475*p**3/6 - 102*p**2. Let h be v(-13). Let u(m) = m**2 - 3*m - 7. Give u(h).
11
Let q(s) = -s - 3. Suppose z + 1 = -f, -19 = 3*f + 2*f - 2*z. Let y = f - 3. Let a be 4/y + 0 - (-245)/(-105). Give q(a).
0
Let j(c) = c**3 - 14*c**2 + 14*c - 15. Let x(y) = 2*y**3 + 81*y**2 + 49*y + 373. Let k be x(-40). Determine j(k).
-2
Let z(f) be the second derivative of -41*f**3/6 - 3*f**2/2 + 2460*f. Calculate z(-2).
79
Suppose -9*i = -i - 24. Suppose 1 + 1 = i*r + 2*j, r - 3*j = -3. Let m(v) = -10 - 2*v**2 + 8 + 1 + 3*v**2 + v**3 - v. Determine m(r).
-1
Let b be (-81)/18*(-8)/12. Let c(m) = -4*m**3 - 8*m**2 - 2*m + 5. Let w(v) = v**3 + v**2 - 1. Let g(n) = b*w(n) + c(n). Calculate g(-3).
-10
Let k(x) = -x**3 - 2*x**2 + 3*x + 4. Let l(n) = -5*n**3 + 6*n**2 + 50*n + 49. Let h(m) = -6*k(m) + l(m). Calculate h(-16).
25
Let z(y) = -5*y + 117. Let m = 2960 - 2937. Calculate z(m).
2
Let a(l) = 8*l**3 + l**2 + 71*l - 73. Let y be a(1). Let u(i) = i**2 - 10*i - 2. Give u(y).
-23
Let r = 407 + -276. Suppose 15*u - r = 79. Let k(f) = f**2 - 12*f - 31. Let h be k(u). Let a(g) = -g**3 - 3*g**2. What is a(h)?
0
Let p(x) = 216 - 40 - 46 - 86 + 5*x. Give p(-9).
-1
Let d be 2/6 - (-8)/3. Suppose w = 5*n, 0 = n + 2*w - 7 - 4. Let o(a) = -2 + n - 11*a**2 - 4*a + a**2 + 12*a**2. Determine o(d).
5
Suppose 4*h + 2*k - 6 = 0, 0 = -4*h + 2*k + k + 11. Suppose 0 = -5*m - 10, h*q - 2*m - 6 - 4 = 0. Let x(r) = -r + 2. Calculate x(q).
-1
Let o = 127 + -135. Let q(a) = -2*a**2 - a**2 + 11*a**2 + 2*a**3 - a**3 - 6. Calculate q(o).
-6
Suppose 3*z + 5*t - 31 = 0, -5*z - 2*t + 29 = 9. Let i(g) be the first derivative of -g**4/4 + g**3/3 + g - 70863. What is i(z)?
-3
Suppose 0 = -10*l + 87*l - 1463. Let p(r) = r**3 - 19*r**2 + r - 32. What is p(l)?
-13
Let t be -14 + ((-24)/(-16))/((-6)/4). Let y(j) = -2*j**3 - 30*j**2 - 4. Calculate y(t).
-4
Suppose -2*x + 5*g + 3 - 25 = 0, 10 = -2*x - g. Let a(y) = -y**3 - 7*y**2 + 2*y - 18. What is a(x)?
-66
Let y(w) be the third derivative of 0*w - 1/8*w**4 + 1/5*w**5 + 257*w**2 + 0*w**3 + 0. What is y(2)?
42
Suppose 3*l - 24 - 12 = 0. Suppose -l = 3*x - 6*x. Let r(t) = 0*t - 3*t + t + x*t + 1 + t**2. What is r(2)?
9
Let o(m) = -17*m + 5392 - 2700 - 2693. Give o(3).
-52
Let b = -66 - -57. Let m(o) = 4*o + 36. Let g be m(b). Let s(v) = 3 + 336*v**2 + g*v**3 - v**3 + 3*v - 333*v**2. Give s(3).
12
Let n(q) be the second derivative of 0 - 1/6*q**4 + 22*q + 1/20*q**5 + 0*q**2 - 35/6*q**3. Let d(s) be the second derivative of